{"id":117,"date":"2020-03-22T14:00:17","date_gmt":"2020-03-22T14:00:17","guid":{"rendered":"https:\/\/www.lagrandeourcq.org\/site\/?page_id=117"},"modified":"2026-03-17T20:14:01","modified_gmt":"2026-03-17T19:14:01","slug":"adhesion-et-soutien","status":"publish","type":"page","link":"https:\/\/www.lagrandeourcq.org\/site\/adherer-a-lassociation\/adhesion-et-soutien\/","title":{"rendered":"Faire un don"},"content":{"rendered":"\n<h2 class=\"wp-block-heading has-text-align-center\"><strong><mark style=\"color:#02b6a4\" class=\"has-inline-color\">La Grande Ourcq a besoin de vous <\/mark><\/strong><\/h2>\n\n\n\n<h4 class=\"wp-block-heading has-text-align-center\"><strong><mark style=\"color:#02b6a4\" class=\"has-inline-color\">maintenant plus que jamais !<\/mark><\/strong><\/h4>\n\n\n\n<p class=\"has-text-align-center\">Comme beaucoup d\u2019acteur\u00b7ice\u00b7s de l\u2019\u00e9conomie sociale et solidaire,&nbsp;<strong>nous faisons face \u00e0 de tr\u00e8s s\u00e9rieuses difficult\u00e9s financi\u00e8res<\/strong>. Le contexte actuel fragilise durement les associations, et&nbsp;le secteur des ressourceries est particuli\u00e8rement touch\u00e9. Nos frais fixes augmentent, nos ressources diminuent, et notre tr\u00e9sorerie est au plus bas.<\/p>\n\n\n\n<p class=\"has-text-align-center\">\ud83d\udca5&nbsp;<strong>Sans un coup de pouce imm\u00e9diat, nous risquons de devoir suspendre, voire cesser, nos activit\u00e9s.<\/strong><\/p>\n\n\n\n<p class=\"has-text-align-center\">C\u2019est pourquoi nous lan\u00e7ons cet&nbsp;<strong>appel \u00e0 dons<\/strong>&nbsp;: pour&nbsp;continuer \u00e0 exister, pour&nbsp;maintenir ce lieu si pr\u00e9cieux, pour&nbsp;<strong>pr\u00e9server un espace o\u00f9 se construisent chaque jour des solidarit\u00e9s concr\u00e8tes<\/strong>.<\/p>\n\n\n\n<p class=\"has-text-align-center\">\ud83d\udc49&nbsp;<strong>Chaque don compte<\/strong>, m\u00eame petit. Il nous permettra de passer ce cap difficile, de continuer \u00e0&nbsp;accueillir, r\u00e9parer, transmettre et construire ensemble.<\/p>\n\n\n\n<p class=\"has-text-align-center\">\u2764\ufe0f&nbsp;<strong>Soutenir La Grande Ourcq, c\u2019est soutenir un quartier vivant, solidaire et engag\u00e9.<\/strong>&nbsp;Cela nous permettra de&nbsp;<strong>poursuivre nos actions<\/strong>, qui ne se limitent pas \u00e0 la boutique que vous connaissez bien : la&nbsp;sensibilisation au r\u00e9emploi, notamment aupr\u00e8s des plus jeunes, les&nbsp;ateliers d\u2019initiation \u00e0 la couture et \u00e0 la menuiserie, les&nbsp;interventions hors les murs dans les quartiers de nos villes, et tant d\u2019autres initiatives sont \u00e9galement en jeu.<\/p>\n\n\n\n<p class=\"has-text-align-center\"><strong>Merci de tout c\u0153ur pour votre soutien.<\/strong><\/p>\n\n\n\n<p class=\"has-text-align-center\"><em>La Grande Ourcq \u00e9tant reconnue d\u2019int\u00e9r\u00eat g\u00e9n\u00e9ral, vos dons sont d\u00e9fiscalis\u00e9s \u00e0 hauteur de 66 %.&nbsp;Ainsi, si vous \u00eates imposable,&nbsp;un don de 100 \u20ac ne vous co\u00fbtera que 34 \u20ac apr\u00e8s d\u00e9duction fiscale.&nbsp;<\/em><\/p>\n\n\n\n<div class=\"wp-block-buttons alignwide is-content-justification-center is-layout-flex wp-container-core-buttons-is-layout-1 wp-block-buttons-is-layout-flex\">\n<div class=\"wp-block-button is-style-secondary\"><a class=\"wp-block-button__link wp-element-button\" href=\"https:\/\/www.helloasso.com\/associations\/la-grande-ourcq\/formulaires\/3\">Faire un don<\/a><\/div>\n<\/div>\n\n\n\n<p><\/p>\n","protected":false},"excerpt":{"rendered":"<p>La Grande Ourcq a besoin de vous maintenant plus que jamais ! Comme beaucoup d\u2019acteur\u00b7ice\u00b7s de l\u2019\u00e9conomie sociale et solidaire,&nbsp;nous faisons face \u00e0 de tr\u00e8s s\u00e9rieuses difficult\u00e9s financi\u00e8res. Le contexte actuel fragilise durement les associations, et&nbsp;le secteur des ressourceries est particuli\u00e8rement touch\u00e9. Nos frais fixes augmentent, nos ressources diminuent, et notre tr\u00e9sorerie est au plus&hellip;&nbsp;<a href=\"https:\/\/www.lagrandeourcq.org\/site\/adherer-a-lassociation\/adhesion-et-soutien\/\" rel=\"bookmark\">Lire la suite &raquo;<span class=\"screen-reader-text\">Faire un don<\/span><\/a><\/p>\n","protected":false},"author":2,"featured_media":0,"parent":1400,"menu_order":0,"comment_status":"closed","ping_status":"closed","template":"","meta":{"neve_meta_sidebar":"full-width","neve_meta_container":"","neve_meta_enable_content_width":"on","neve_meta_content_width":100,"neve_meta_title_alignment":"","neve_meta_author_avatar":"","neve_post_elements_order":"","neve_meta_disable_header":"","neve_meta_disable_footer":"","neve_meta_disable_title":"","footnotes":""},"class_list":["post-117","page","type-page","status-publish","hentry"],"_links":{"self":[{"href":"https:\/\/www.lagrandeourcq.org\/site\/wp-json\/wp\/v2\/pages\/117","targetHints":{"allow":["GET"]}}],"collection":[{"href":"https:\/\/www.lagrandeourcq.org\/site\/wp-json\/wp\/v2\/pages"}],"about":[{"href":"https:\/\/www.lagrandeourcq.org\/site\/wp-json\/wp\/v2\/types\/page"}],"author":[{"embeddable":true,"href":"https:\/\/www.lagrandeourcq.org\/site\/wp-json\/wp\/v2\/users\/2"}],"replies":[{"embeddable":true,"href":"https:\/\/www.lagrandeourcq.org\/site\/wp-json\/wp\/v2\/comments?post=117"}],"version-history":[{"count":47,"href":"https:\/\/www.lagrandeourcq.org\/site\/wp-json\/wp\/v2\/pages\/117\/revisions"}],"predecessor-version":[{"id":2395,"href":"https:\/\/www.lagrandeourcq.org\/site\/wp-json\/wp\/v2\/pages\/117\/revisions\/2395"}],"up":[{"embeddable":true,"href":"https:\/\/www.lagrandeourcq.org\/site\/wp-json\/wp\/v2\/pages\/1400"}],"wp:attachment":[{"href":"https:\/\/www.lagrandeourcq.org\/site\/wp-json\/wp\/v2\/media?parent=117"}],"curies":[{"name":"wp","href":"https:\/\/api.w.org\/{rel}","templated":true}]}}

<h2 class="wp-block-heading has-text-align-center"><strong><mark style="color:#02b6a4" class="has-inline-color">La Grande Ourcq a besoin de vous </mark></strong></h2>



<h4 class="wp-block-heading has-text-align-center"><strong><mark style="color:#02b6a4" class="has-inline-color">maintenant plus que jamais !</mark></strong></h4>



<p class="has-text-align-center">Comme beaucoup d’acteur·ice·s de l’économie sociale et solidaire,&nbsp;<strong>nous faisons face à de très sérieuses difficultés financières</strong>. Le contexte actuel fragilise durement les associations, et&nbsp;le secteur des ressourceries est particulièrement touché. Nos frais fixes augmentent, nos ressources diminuent, et notre trésorerie est au plus bas.</p>



<p class="has-text-align-center">💥&nbsp;<strong>Sans un coup de pouce immédiat, nous risquons de devoir suspendre, voire cesser, nos activités.</strong></p>



<p class="has-text-align-center">C’est pourquoi nous lançons cet&nbsp;<strong>appel à dons</strong>&nbsp;: pour&nbsp;continuer à exister, pour&nbsp;maintenir ce lieu si précieux, pour&nbsp;<strong>préserver un espace où se construisent chaque jour des solidarités concrètes</strong>.</p>



<p class="has-text-align-center">👉&nbsp;<strong>Chaque don compte</strong>, même petit. Il nous permettra de passer ce cap difficile, de continuer à&nbsp;accueillir, réparer, transmettre et construire ensemble.</p>



<p class="has-text-align-center">❤️&nbsp;<strong>Soutenir La Grande Ourcq, c’est soutenir un quartier vivant, solidaire et engagé.</strong>&nbsp;Cela nous permettra de&nbsp;<strong>poursuivre nos actions</strong>, qui ne se limitent pas à la boutique que vous connaissez bien : la&nbsp;sensibilisation au réemploi, notamment auprès des plus jeunes, les&nbsp;ateliers d’initiation à la couture et à la menuiserie, les&nbsp;interventions hors les murs dans les quartiers de nos villes, et tant d’autres initiatives sont également en jeu.</p>



<p class="has-text-align-center"><strong>Merci de tout cœur pour votre soutien.</strong></p>



<p class="has-text-align-center"><em>La Grande Ourcq étant reconnue d’intérêt général, vos dons sont défiscalisés à hauteur de 66 %.&nbsp;Ainsi, si vous êtes imposable,&nbsp;un don de 100 € ne vous coûtera que 34 € après déduction fiscale.&nbsp;</em></p>



<div class="wp-block-buttons alignwide is-content-justification-center is-layout-flex wp-container-core-buttons-is-layout-1 wp-block-buttons-is-layout-flex">
<div class="wp-block-button is-style-secondary"><a class="wp-block-button__link wp-element-button" href="https://www.helloasso.com/associations/la-grande-ourcq/formulaires/3">Faire un don</a></div>
</div>



<p></p>

<p>La Grande Ourcq a besoin de vous maintenant plus que jamais ! Comme beaucoup d’acteur·ice·s de l’économie sociale et solidaire,&nbsp;nous faisons face à de très sérieuses difficultés financières. Le contexte actuel fragilise durement les associations, et&nbsp;le secteur des ressourceries est particulièrement touché. Nos frais fixes augmentent, nos ressources diminuent, et notre trésorerie est au plus&hellip;&nbsp;<a href="https://www.lagrandeourcq.org/site/adherer-a-lassociation/adhesion-et-soutien/" rel="bookmark">Lire la suite &raquo;<span class="screen-reader-text">Faire un don</span></a></p>
