{"id":885,"date":"2021-10-25T11:02:38","date_gmt":"2021-10-25T09:02:38","guid":{"rendered":"https:\/\/www.lagrandeourcq.org\/site\/?page_id=885"},"modified":"2025-11-10T00:44:03","modified_gmt":"2025-11-09T23:44:03","slug":"services-civiques","status":"publish","type":"page","link":"https:\/\/www.lagrandeourcq.org\/site\/services-civiques\/","title":{"rendered":"Service civique"},"content":{"rendered":"\n<p class=\"has-neve-link-color-color has-text-color has-medium-font-size\"><strong>La Grande Ourcq propose deux postes en service civique, pour des jeunes de 16 \u00e0 25 ans.<\/strong><\/p>\n\n\n\n<p><strong><mark class=\"has-inline-color has-nv-c-1-color\">Mission:<\/mark> Accompagnement et promotion des actions de l\u2019association<\/strong><\/p>\n\n\n\n<p>Les activit\u00e9s men\u00e9es concernent des domaines de comp\u00e9tence vari\u00e9s, dans la vente, la logistique, la communication et l\u2019animation :<\/p>\n\n\n\n<ul class=\"wp-block-list\">\n<li>Assurer l\u2019accueil et la m\u00e9diation aupr\u00e8s des usagers autour des valeurs d\u2019\u00e9cologie sociale pr\u00f4n\u00e9es par le projet associatif<\/li>\n\n\n\n<li>Participer \u00e0 l\u2019am\u00e9lioration de l\u2019am\u00e9nagement des diff\u00e9rents espaces de la boutique et de la fabricoth\u00e8que<\/li>\n\n\n\n<li>Participer au renouvellement et \u00e0 la cr\u00e9ation de supports de communication et de sensibilisation \u00e0<br>destination des usagers au sein de la boutique<\/li>\n\n\n\n<li>Concourir \u00e0 la r\u00e9alisation d\u2019\u00e9v\u00e8nements ou vente solidaires th\u00e9matiques en faveur de la pr\u00e9vention des d\u00e9chets et de la consommation responsable<\/li>\n\n\n\n<li>Contribuer \u00e0 des actions d\u2019animation et de sensibilisation aupr\u00e8s de publics vari\u00e9s<\/li>\n<\/ul>\n\n\n\n<p><strong><mark class=\"has-inline-color has-nv-c-1-color\">L\u2019int\u00e9r\u00eat pour la structure d\u2019accueil:<\/mark><\/strong> <\/p>\n\n\n\n<p>Le\/la volontaire sera un soutien pour l&rsquo;association et pourra apporter ses connaissances au sein de la structure.<\/p>\n\n\n\n<p><strong><mark class=\"has-inline-color has-nv-c-1-color\">L\u2019int\u00e9r\u00eat pour le volontaire:<\/mark><\/strong><\/p>\n\n\n\n<p> Le\/La volontaire aura l\u2019opportunit\u00e9 de mieux saisir le fonctionnement d&rsquo;une Ressourcerie en lien avec un territoire et ses habitants ; de saisir le fonctionnement associatif, ses acteurs et d&rsquo;aller \u00e0 la rencontre d&rsquo;une pluralit\u00e9 de personnes d&rsquo;origines sociales et culturelles vari\u00e9es. Il pourra \u00e9galement acqu\u00e9rir des comp\u00e9tences techniques et une exp\u00e9rience professionnelle concr\u00e8te.<\/p>\n\n\n\n<p><mark class=\"has-inline-color has-nv-c-1-color\"><strong>L\u2019int\u00e9r\u00eat pour la soci\u00e9t\u00e9\/ les publics:<\/strong> <\/mark><\/p>\n\n\n\n<p>La ressourcerie- fabricoth\u00e8que propose un lieu o\u00f9 sont collect\u00e9s tous les objets et mat\u00e9riaux dont leurs propri\u00e9taires n\u2019ont plus besoin. Elle g\u00e8re, sur un territoire donn\u00e9, un centre de r\u00e9cup\u00e9ration, de valorisation, de revente et d\u2019\u00e9ducation \u00e0 l\u2019environnement. Elle propose au public des services permettant de consommer responsablement et de r\u00e9duire ses d\u00e9chets, notamment via des ateliers in situ et hors-les-murs. Son activit\u00e9 est inscrite dans le sch\u00e9ma de gestion des d\u00e9chets du territoire.<\/p>\n\n\n\n<p><strong><mark class=\"has-inline-color has-nv-c-1-color\">Dur\u00e9e:<\/mark><\/strong> 8 mois<\/p>\n\n\n\n<p><br><strong><mark class=\"has-inline-color has-neve-link-hover-color-color\">Pour candidater:<\/mark> <\/strong>envoyer vos CV \u00e0<strong> <a href=\"bienvenue@lagrandeourcq.org\" data-type=\"link\" data-id=\"contact@lagrandeourcq.org\" target=\"_blank\" rel=\"noreferrer noopener\">contact@lagrandeourcq.org <\/a><\/strong><\/p>\n","protected":false},"excerpt":{"rendered":"<p>La Grande Ourcq propose deux postes en service civique, pour des jeunes de 16 \u00e0 25 ans. Mission: Accompagnement et promotion des actions de l\u2019association Les activit\u00e9s men\u00e9es concernent des domaines de comp\u00e9tence vari\u00e9s, dans la vente, la logistique, la communication et l\u2019animation : L\u2019int\u00e9r\u00eat pour la structure d\u2019accueil: Le\/la volontaire sera un soutien pour&hellip;&nbsp;<a href=\"https:\/\/www.lagrandeourcq.org\/site\/services-civiques\/\" rel=\"bookmark\">Lire la suite &raquo;<span class=\"screen-reader-text\">Service civique<\/span><\/a><\/p>\n","protected":false},"author":2,"featured_media":0,"parent":0,"menu_order":0,"comment_status":"closed","ping_status":"closed","template":"","meta":{"neve_meta_sidebar":"full-width","neve_meta_container":"","neve_meta_enable_content_width":"on","neve_meta_content_width":100,"neve_meta_title_alignment":"","neve_meta_author_avatar":"","neve_post_elements_order":"","neve_meta_disable_header":"","neve_meta_disable_footer":"","neve_meta_disable_title":"","footnotes":""},"class_list":["post-885","page","type-page","status-publish","hentry"],"_links":{"self":[{"href":"https:\/\/www.lagrandeourcq.org\/site\/wp-json\/wp\/v2\/pages\/885","targetHints":{"allow":["GET"]}}],"collection":[{"href":"https:\/\/www.lagrandeourcq.org\/site\/wp-json\/wp\/v2\/pages"}],"about":[{"href":"https:\/\/www.lagrandeourcq.org\/site\/wp-json\/wp\/v2\/types\/page"}],"author":[{"embeddable":true,"href":"https:\/\/www.lagrandeourcq.org\/site\/wp-json\/wp\/v2\/users\/2"}],"replies":[{"embeddable":true,"href":"https:\/\/www.lagrandeourcq.org\/site\/wp-json\/wp\/v2\/comments?post=885"}],"version-history":[{"count":16,"href":"https:\/\/www.lagrandeourcq.org\/site\/wp-json\/wp\/v2\/pages\/885\/revisions"}],"predecessor-version":[{"id":2332,"href":"https:\/\/www.lagrandeourcq.org\/site\/wp-json\/wp\/v2\/pages\/885\/revisions\/2332"}],"wp:attachment":[{"href":"https:\/\/www.lagrandeourcq.org\/site\/wp-json\/wp\/v2\/media?parent=885"}],"curies":[{"name":"wp","href":"https:\/\/api.w.org\/{rel}","templated":true}]}}